116).
-25
Evaluate -9 + (-69 + 75 - (-1 + 0) - -1 - -35).
34
-187 + 219 + -103 + (1 - -21)
-49
What is the value of -7 - (5 + -24) - 22?
-10
Evaluate (7 - 2) + 904 + -904.
5
10 - ((-15 - 0) + (52 - -28 - -62))
-117
What is the value of (-867 - -877 - (26 - 0)) + (12 - -1)?
-3
5 + (-2 - 17) + 0 + 16
2
What is the value of (-8 - 77) + 16 + (-1 + 13 - 0 - 18)?
-75
Calculate 28 + (-808 - -833 - (45 + -1)).
9
31 - ((-1 - (3 - -1)) + -7 + 13)
30
Evaluate (-46 - (30 + -26) - -48) + (1 - -71).
70
Evaluate 2 + (-1 - -4 - ((0 - -20) + -17 + 7)).
-5
What is -41 + 24 - ((11 - -13) + 74)?
-115
Calculate (-422 - -225 - -256) + (-14 - 0).
45
Calculate 33 + (48 - 75 - 28) + -68.
-90
Evaluate (3 - (-77 + 165)) + (1 - (9 - 6)).
-87
(14 + -6 + 0 - -3) + -27 + 22
6
What is the value of -21 - (26 + -21 + -23) - (3 - (1 - 55))?
-60
Evaluate (24 - -32 - 30) + 0 + 1 + -15.
12
-29 + -38 + -10 + -1 + -29
-107
Evaluate (-28 - -49) + -35 + 10 + 8 - -147.
151
Calculate -18 + -54 + 98 - 9.
17
What is -1193 - -1399 - (7 - -136)?
63
What is the value of (-28 - ((-14 - 13) + -13)) + 12?
24
What is the value of 136 - (109 + (50 - 31))?
8
Calculate 1 - -49 - (3767 - 3704).
-13
(1 - (27 - 23)) + -4 + -2 + -4 + 38
25
12 - (-34 - (-29 - 12) - (0 + 14))
19
What is the value of (7 - (-32 + 59)) + -6 - -39?
13
(-3 - 8 - ((-15 - -4) + 2)) + -39
-41
Calculate -43 + (24 - (27 + -18)) - 6.
-34
What is the value of 0 + (-16 - -2 - 8) + -21?
-43
2 + -12 + (14 - (-7 - -8 - 3 - -13))
-7
-18 - (43 - (-93 + 16))
-138
-28633 + 28616 + (2 - 1) + -78 + 2
-92
Evaluate 47 + 26 + (-2 - 17).
54
Evaluate 50 - (8 - 14) - ((0 - -5) + (29 - 28)).
50
What is 50 + (21 - (36 - 44)) + (-7 - -1)?
73
-14 + 12 + (-22 - (-47 - 17))
40
Calculate (21 + -21 - (-8 + -1)) + 9 + -53 - -10.
-25
-151 + -25 - -64 - -142
30
(-15 - -5) + -13 + (41 - (13 - 15) - -5)
25
What is 106 - (0 + 12 - ((-35 - (4 + -4)) + 48))?
107
What is -15 - 2 - (-22 - -48 - 22)?
-21
Calculate 27 + -44 + 9 + -2 + 68.
58
(279 - 112) + -245 - 25
-103
24 - (-19 + -8 + 113) - -27
-35
What is -5 - ((-17 + 11 - -15) + -34 - 7)?
27
What is -53 + (8 - (58 + -63 - (2 - 5 - 1)))?
-44
Evaluate (-7 - -2 - (-13 + 29 + (-7 - 8))) + 67.
61
What is (26 - -1 - (-9 + (-63 - -87))) + (-1 - -1)?
12
What is the value of -4 + -3 + 3 + (-28 - -15 - -2)?
-15
Calculate 23 - ((38 + -79 - -22) + 15).
27
Evaluate -57 + 6 + 1 + -9 + 46 + -52 + 2.
-63
What is -80 + (74 - 125) + 63?
-68
What is -23 - (48 - 41) - -64?
34
Calculate -89 + (94 - 74) + (-1 - 7 - (27 - 25)).
-79
What is the value of 2 + 10 - (2489 - 2485)?
8
73 - (65 - -14) - 21
-27
-10 + (13 - (7 + -9 + -16 + 0))
21
What is -399 + 431 - (-29 - -80)?
-19
What is the value of -33 + (15 - 11) + 1 - -8?
-20
What is the value of -56 + (32 - -19 - 9) + (1 - -38)?
25
Calculate 1 - (-9 + (-3 - -4)) - (68 + -29 + 12).
-42
What is -2 - (-1 + 24 + (-9 - 24))?
8
Evaluate (-173 - -161) + (-4 - (-20 - 3)) + 7.
14
(1 - -66) + (-8782 - -8648)
-67
What is (2 - 23) + (26 - -1 - -35)?
41
-5 - -4 - ((1 - -6) + (-132 - -140))
-16
Calculate 69 - (77 + -30) - -29.
51
69 + (-30 - -96 - 162)
-27
-5 - (43 - (2 - -12) - 12)
-22
What is the value of -1 + 0 + -50 + -278 + (-78 - -349)?
-58
Calculate (104 - (163 + -64)) + (-97 - 7).
-99
What is the value of (-129 - -57) + 57 - (3 - -24)?
-42
Calculate 655 + -645 + -53 + (-7 - -5).
-45
Calculate -32 + 58 + -5 - 52.
-31
4 - 53 - ((11 + 1 - -11) + -16)
-56
-105 + 97 + 97 - 8
81
Calculate -18 + 6 + 50 + -11 + 14 + 13.
54
Calculate 1 + -13 + 24 + (-13 - -12) - 8.
3
What is -2 + 2 + 0 - (138 + -68 + -67)?
-3
What is the value of (-65 + 114 - 34) + 59?
74
What is the value of -447 + 433 - (-1 - (1 - (-62 - 0)))?
50
Evaluate -87 + 2 - (7 - -11).
-103
What is the value of -52 + (5 - 5) + 11 - 1?
-42
-51 + (17 - 2) + 82
46
What is the value of 65 + (-14 - -3) + -6 + -6?
42
What is -65 - (-11 + 7 + 6 + -25) - -25?
-17
Calculate (5 - 3 - -29) + 70 + 64 + -126.
39
(-3 + 27 - (61 + -42) - (1 + 12)) + -15
-23
What is 5 + -2 + -44 + (262 - 175)?
46
Evaluate 65 + 151 + -45 + -143.
28
Calculate (-97 - -223) + 9 + -234.
-99
What is the value of -14 - (56 + -19 + 14)?
-65
-12 - (2 + -16 + (-44 - (-59 + 1)))
-12
-22 + 22 - (3 - 0 - (-25 + 8 + 14))
-6
(-8 - 1) + (-1547 - -1542)
-14
-68 - (-54 - 2) - -36
24
-53 - 1 - (-132 - -81)
-3
Evaluate -28 - (-58 + (39 - -13)).
-22
Calculate -3 - (25 + (22 - 32) - (2 - -2)).
-14
What is -9 - (-12 + 48) - (161 + -167)?
-39
32 - (-90 + 28) - 151
-57
What is (22 - -20 - 53) + 11?
0
What is the value of -509 + 497 + (104 + 8 - -5)?
105
Evaluate 23 + (147 - 135) + (0 - 4) + 2 + -1.
32
What is the value of (51 - (-8 + 3)) + (-567 - -592)?
81
-48 - (-60 + 66 + (6 + 1 + -18 - 5))
-38
Calculate (-14 - (-6 - (24 + -17) - 69)) + -10.
58
Evaluate 2 + 65 - (-7 - (10 - (4 - -24))).
56
What is the value of 3 + 4 - ((18 - 26) + 6 + -1) - 86?
-76
What is 1 + -9 + -16 + 18 - 10?
-16
(0 - -20) + 0 + -21 + 20 + -9 + -48
-38
-16 - (14 + (26 - 21 - 40)) - -4
9
Calculate -32 + (14 - (-8 - -3) - 18 - 1).
-32
-1 + 5 + ((-25 - -15) + 16 - 16)
-6
(-105 - (13 + -4 - 18)) + 18 - -1
-77
Calculate -10 - (-52 + -30 + 74).
-2
Calculate -156 + (78 - -79 - -137).
138
-1 - (-15 - -4 - -52)
-42
-17 - (-1 + 0 + 0 - (-72 + 111 - 46))
-23
Calculate -11 + (159 - 149 - (-3 + (2 - 1))) + 65.
66
-48 - (43 + -21 + -13 + (-17 - 0))
-40
Evaluate 108 + (0 - 3) - ((17 - (84 - 18)) + 46).
108
What is -31 + (47 - 40) + (-12 - -18)?
-18
Calculate -5 - (-3 - (-5 + 22 - 29)).
-14
What is the value of (47 - (-12 + 9)) + 6 + (-2 - 3) + 5?
56
3 - (0 - -5) - (47 - 67 - (52 + 2))
72
Calculate 20 + (-25 - 16) + 11 + -5.
-15
(-74 - -19 - -52) + 46
43
Calculate -26 - (-40 - -18) - -42 - (16 - 1).
23
Calculate (10 - (-2 + -2 - (-31 - (-25 + 35)))) + -4.
-31
-69 - 0 - (-316 + 34 + 234)
-21
Calculate 1 + 41 - (10 - (11 + 13 - (10 - 3))).
49
What is the value of 38 + -68 + -35 + (20 - 21)?
-66
Evaluate -101 - -207 - ((7 - -13) + 0).
86
What is the value of -17 + (45 - 29) - (-7 + 0 + 59)?
-53
Evaluate (-63 - -56) + -6 + 23.
10
What is the value of 3 + (21 + -18 - (5 - -8) - -6)?
-1
What is the value of 1 - (-31 - (39 + -63))?
8
What is 0 + 14 - ((-20 - -29) + 24 - 22) - -25?
28
What is 14 + (1 + -2 - 1) - (-134 + 138)?
8
Calculate -10 - (-10 + 11 + -10 + 35) - 3.
-39
(-18 - (5 + -18)) + (-53 - (6 - 6))
-58
What is 19 + (19 - 17 - 10) + 12?
23
What is 263 + -179 + 12 + -32?
64
45 + (-74 - (3 + 13 + 24))
-69
(-4368 - -4447) + 1 + (-8 - 0)
72
Calculate (-19 - -20) + -14 + 90 - 13.
64
What is (-9219 - -9215) + ((1 - 1) + 1 - 38)?
-41
Calculate (7 - (18 + 2)) + (107 - 85).
9
What is the value of 7 + (53 - (6 + -12)) + -11 + -8?
47
Calculate 69 + 25 + 0 + (1334 - 1365).
63
What is the value of 810 - 771 - (-1 - -17)?
23
What is the value of 150 + -79 + -228 - -279?
122
-6 - (12 + (-44 + 1 - (-34 + (26 - 3))))
14
Evaluate -2 - 59 - (56 - (3 + -28 + 65)).
-77
What is 40 - (-37 + 58 - 16)?
35
What is the value of (-36 - 60 - -173) + 15?
92
Calculate -33 + -20 + -69 + 114.
-8
What is the value of -15 + 25 + (1 + -5 - (-7 - -12))?
1
Evaluate (63 - 2 - 2) + (-19 - (-8 + -40 + 22)).
66
Calculate 17 + -114 - (-14 - 45).
-38
Evaluate 2 + -24 + (-4 + 1 - -11) + -8.
-22
What is the value of -110 + 113 + -9 + 6 - -21?
21
Evaluate 18 + -67 + (3 - -28).
-18
Calculate -938 - -786 - ((6 - 2) + -8 - 7).
-141
What is the value of -19 + (11 - (-64 - -109))?
-53
-70 + 18 + 65 + 78
91
What is 47 - ((4 - (22 + -39 - 8)) + -7)?
25
(-120 - 72 - -82) + 58
-52
What is (8 - 10) + 2 + (19 - 12) + -19?
-12
Calculate 29 + 56 + -6 + -90.
-11
Calculate 24 + 3 - (-240 - -280).
-13
Evaluate (-5 - (-7 - -12 - 3)) + 3 + -8 + -3.
-15
Evaluate (-34 - -80) + -8 + 6 + 8 + -2.
50
11 + (-100 - ((-18 - 28) + 92))
-135
Evaluate -87 - (16 + -71 + 26).
-58
Evaluate (-44 - -1) + 15 + 85 + -96.
-39
What is (21 + -25 + 0 + 1 - (21 + -8)) + -56?
-72
-37 + (3 - (-2 + 1 + 20 + -15))
-38
-563 - -566 - (-2 - 1 - (-3 + 8 - 0))
11
Evaluate (-2 - (-4 - -16)) + (15 + -5 - 3) + -15.
-22
What is the value of -14 - (76 - 13) - -30 - -4?
-43
What is (-11 - (11 + (0 - (-8 - -20)) + 10)) + -2?
-22
Evaluate (1 - -38) + (-25 - -22).
36
What is the value of 56 + -71 - (125 - 51)?
-89
What is 2 + -3 + -3 + -39 + 8 + 40 + 2?
7
What is (8 - 3) + (-35 - (9 + -12 + (-1 - -12)))?
-38
What is the value of 95 + -73 +